{"id":2993,"date":"2024-06-27T17:38:40","date_gmt":"2024-06-27T20:38:40","guid":{"rendered":"https:\/\/www.mundomaquinasltda.cl\/?post_type=product&#038;p=2993"},"modified":"2024-06-27T17:46:15","modified_gmt":"2024-06-27T20:46:15","slug":"cosedora-portatil-con-cinta-crepe","status":"publish","type":"product","link":"https:\/\/www.mundomaquinasltda.cl\/?product=cosedora-portatil-con-cinta-crepe","title":{"rendered":"Cosedora Port\u00e1til con Cinta Crepe"},"content":{"rendered":"","protected":false},"excerpt":{"rendered":"<h3>Cosedora Port\u00e1til con Cinta Crepe.<\/h3>\n<p>Nuestra cosedora industrial para cinta de papel crep\u00e9 port\u00e1til de la Serie F pone a su alcance la calidad, la durabilidad y la productividad que usted espera de Fischbein.<\/p>\n<p>Con un peso de s\u00f3lo 5 kg (11 libras), esta cosedora port\u00e1til cierra r\u00e1pidamente y de manera segura bolsas de papel<br \/>\nmulticapa, tejidas y de polipropileno tejido laminado que llevan una costura de cinta de papel crep\u00e9.<\/p>\n<p>Gracias a su dise\u00f1o y caracter\u00edsticas de avanzada, la Serie F de Fischbein se ha convertido en la cerradora de bolsas port\u00e1til m\u00e1s fiable del mercado.<\/p>\n<p>El modelo est\u00e1ndar cuenta con un mejorado sistema de lubricaci\u00f3n y bujes de m\u00e1xima resistencia al desgaste.<\/p>\n<p>Con todas estas ventajas, sumadas a la posibilidad de hacerla funcionar a una velocidad de 11 metros (35 pies) por minuto a raz\u00f3n de 4 puntadas por pulgada, la serie-F se encargar\u00e1 de realizar las tareas de cierre de bolsas m\u00e1s exigentes de manera segura y eficiente. Y, debido a que tiene m\u00ednimos requerimientos de mantenimiento y s\u00f3lo necesita unos pocos ajustes, usted encontrar\u00e1 que se reducen los tiempos con un consiguiente ahorro de costos.<\/p>\n","protected":false},"featured_media":2851,"template":"","meta":{"_acf_changed":false},"product_cat":[49,56],"product_tag":[85,86],"class_list":{"0":"post-2993","1":"product","2":"type-product","3":"status-publish","4":"has-post-thumbnail","6":"product_cat-cosedoras","7":"product_cat-maquinas-cosedoras-portatiles","8":"product_tag-cinta-crepe","9":"product_tag-cosedora-portatil","11":"first","12":"instock","13":"shipping-taxable","14":"product-type-simple"},"acf":[],"_links":{"self":[{"href":"https:\/\/www.mundomaquinasltda.cl\/index.php?rest_route=\/wp\/v2\/product\/2993","targetHints":{"allow":["GET"]}}],"collection":[{"href":"https:\/\/www.mundomaquinasltda.cl\/index.php?rest_route=\/wp\/v2\/product"}],"about":[{"href":"https:\/\/www.mundomaquinasltda.cl\/index.php?rest_route=\/wp\/v2\/types\/product"}],"wp:featuredmedia":[{"embeddable":true,"href":"https:\/\/www.mundomaquinasltda.cl\/index.php?rest_route=\/wp\/v2\/media\/2851"}],"wp:attachment":[{"href":"https:\/\/www.mundomaquinasltda.cl\/index.php?rest_route=%2Fwp%2Fv2%2Fmedia&parent=2993"}],"wp:term":[{"taxonomy":"product_cat","embeddable":true,"href":"https:\/\/www.mundomaquinasltda.cl\/index.php?rest_route=%2Fwp%2Fv2%2Fproduct_cat&post=2993"},{"taxonomy":"product_tag","embeddable":true,"href":"https:\/\/www.mundomaquinasltda.cl\/index.php?rest_route=%2Fwp%2Fv2%2Fproduct_tag&post=2993"}],"curies":[{"name":"wp","href":"https:\/\/api.w.org\/{rel}","templated":true}]}}